*q - 703 = -700. What are the prime factors of t(q)?
2, 223
Let d be 1/((-5)/(93*-15)). Let x be (d - -2)/(4*(-5)/(-40)). List the prime factors of (x/4)/((-2)/(-4)).
281
Let b = 151 - 911. Let q = 347 + b. List the prime factors of q/(-6) + (-17)/(-102).
3, 23
Let d = -80 + 88. Suppose 0 = -8*c + 40 - d. List the prime factors of 10/c*132/3.
2, 5, 11
Let i be (2/3)/((-2)/36). Let a = i - -16. Suppose -4*d = a, -87 = -3*z + d + 46. What are the prime factors of z?
2, 11
Suppose 7*c - 134 = -92. Suppose 433 - 61 = c*k. What are the prime factors of k?
2, 31
Let v = 141 + -133. Let y(i) = -29 - 27*i + 2 - v. What are the prime factors of y(-11)?
2, 131
Let d be 124/6 + 4 + (-1)/(-3). Suppose -4*j + d = -y + 4*y, 5*y = -j + 19. Suppose 483 = j*z + 79. What are the prime factors of z?
101
Let j(i) be the third derivative of 13*i**5/60 - 7*i**4/12 - 10*i**3/3 + 66*i**2. What are the prime factors of j(-2)?
2, 3, 5
Let y be (-13)/(-26)*8/2. Suppose 20 = -y*t + 6*t. Suppose t*f = -3*i + 215, 3*f - 118 = -5*i + 219. List the prime factors of i.
5, 13
Let y(l) = -122*l + 62 - 32 + 31 + 2*l**2 + 185*l. What are the prime factors of y(-41)?
2, 3, 5, 7
Suppose -4*c + 239 = 1551. Let j = c + 748. List the prime factors of j.
2, 3, 5, 7
Let b(p) = 30 - p**2 - 3*p + 0 - 14*p**3 - 3 + 13*p**3. What are the prime factors of b(-7)?
2, 3, 19
Suppose -3*n + 70 = -y - 0*y, -4*y = 3*n - 80. Let h(t) = -33 - 41*t - n*t + 22. List the prime factors of h(-2).
7, 17
Suppose 3*j - 1736 = -q + 3*q, -3*j + 5*q = -1730. What are the prime factors of j?
2, 5, 29
Let g(a) = 430*a**2 - 3*a + 1. Suppose 0 = 4*n - 10*n + 6. List the prime factors of g(n).
2, 107
Suppose 92559 = 18*d + 26446 - 10783. List the prime factors of d.
2, 3, 89
Let f(c) = c. Let p(y) = 4*y + 12 + 11*y + 5*y. Let g(j) = -6*f(j) - p(j). What are the prime factors of g(-4)?
2, 23
Suppose 12305 = -275*m + 84905. List the prime factors of m.
2, 3, 11
Let f be -5 - -15*2/(-6). Let d be (-648)/(-10)*f/3. List the prime factors of (0 - -1)*(13 - d).
229
Let z be 378/3*1 - -3. Let x = z - 126. Suppose -2*s = x*r - 360, -6 = -3*r + 6. List the prime factors of s.
2, 3, 29
Suppose 204*k = -127187 + 905243. List the prime factors of k.
2, 1907
Suppose 2*z + 2*z = k - 2, 3*z + 6 = 3*k. Suppose -325 = k*g - 2127. List the prime factors of g.
17, 53
Suppose a = -53 - 81. Let v be 0 + (4 - 4) - a. List the prime factors of 1/(0 + 2/v).
67
Suppose 5*h - 3*q + 61 = -65, h = -2*q - 33. Let c = -24 - h. Suppose 5*d + c*d = 896. List the prime factors of d.
2, 7
Suppose 0 = 9*s + 4 - 13. Let q = s + -5. List the prime factors of ((-3)/12)/(q/1712).
107
Suppose -i = 2*s + 5, -5*i - s + 4*s + 27 = 0. Suppose -g + 43 = 2*f, i*g + 71 = -2*f + 6*f. Suppose -4*w = f - 428. What are the prime factors of w?
2, 3, 17
Let h(n) be the first derivative of n**4/4 + n**3/3 - 7*n**2 - n + 15. Let l be h(-4). Suppose 0 = p + 5, -3*p = -2*b - l*p + 20. List the prime factors of b.
2, 5
Suppose -1079 - 31 = 5*r. Let f = 274 - r. List the prime factors of f.
2, 31
Let i = -31 - -70. Let c(a) = i*a**2 + 0*a + 6*a + 0*a - 7 + 2. What are the prime factors of c(1)?
2, 5
Suppose 5*f + 107 = 42. Let j be 2 - (4/(-28) + f/7). Suppose d + 4*y = -j*d + 290, 2*d - 149 = 5*y. What are the prime factors of d?
2, 31
Let x(n) = 16*n + 32. Let r be x(5). Let d(f) = -r - f + 58 + 66. List the prime factors of d(-10).
2, 11
What are the prime factors of 1/(-3 - 0)*207291/(-7) - 3?
2, 2467
Let a = -109 + 111. Suppose -u + 6*u - a*j - 2034 = 0, 3*u = -j + 1227. List the prime factors of u.
2, 3, 17
Let a be 16 + -22 + 1 + 752. Let u = a + -232. List the prime factors of u.
5, 103
Let p(l) = -l - 7. Let c be p(-7). Suppose -4*s + 3*g - 19 = -12, g = 4*s + 5. What are the prime factors of (s + c - (-277 - 4)) + 2?
2, 3, 47
Let y = 153 + 906. Suppose -y = -14*f + 5241. What are the prime factors of f?
2, 3, 5
Let y(z) = 80*z - 106. Let w(q) = 27*q - 35. Let d(a) = a**2 + 10*a + 14. Let m be d(-6). Let v(t) = m*w(t) + 3*y(t). List the prime factors of v(-4).
2, 19
Suppose -g = z - 2*z + 65, 0 = 2*z - 5*g - 139. Suppose -r = -5*h - 265, -5*r + 3*r + z = -h. List the prime factors of 0 + -1 - h*(-15)/(-6).
3, 43
Let j = 12246 - 3364. What are the prime factors of j?
2, 4441
Let r(v) = 4*v**3 + 2*v**2 + 75*v + 115. List the prime factors of r(20).
5, 6883
Suppose 0 = 6*n + 26*n + 9*n - 66748. What are the prime factors of n?
2, 11, 37
Let n(m) = 238*m**3 + 7*m**2 - 3*m + 4. Let s(g) = -g**2 - 1. Let c = 61 - 67. Let d(v) = c*s(v) - n(v). List the prime factors of d(-1).
2, 59
Let s(o) = o**3 - o**2 + 8*o - 18. Let z be s(2). Suppose z*x - 538 = -2*g, -48*x + 50*x = g - 278. List the prime factors of g.
2, 17
Suppose 5*x + 5*q = 4*x + 1655, 5*x = 5*q + 8395. Suppose -101*g = -106*g + x. What are the prime factors of g?
5, 67
Suppose 0 = -4*k + 3*c + 3759, -6*c + 6 = -4*c. Suppose 94*o - k = 91*o. What are the prime factors of o?
2, 157
Let m be 0/(2 - (-12)/4). Suppose -2*d + m = f - 6, -5*f - 15 = d. What are the prime factors of (-920 + f)/(-4) + -5?
2, 113
Let h be 7/3*(6 + -3). Let u(n) = -n**3 + 7*n**2 - 3. Let j be u(h). List the prime factors of (-2 - -1)/(j/387).
3, 43
Suppose -24*g + 72622 = -103586. List the prime factors of g.
2, 3671
Let v be 0 + 5/((-5)/(-19)). List the prime factors of v*((-314)/(-10) + 4/(-10)).
19, 31
Let t be (133 + 38)/(-1 + (-25)/(-24)). Suppose g + t = 4*w, -5*w = -68*g + 66*g - 5130. What are the prime factors of w?
2, 3, 19
Suppose -11*w + 78*w = 12*w. Suppose 145*y - 154*y + 9720 = w. List the prime factors of y.
2, 3, 5
Let l be (-2 - -3)/((-5)/(-415)). Let j = 122 - l. Let m = j + 13. What are the prime factors of m?
2, 13
Let p(w) = w**3 - 4*w**2 + 3*w + 4. Let l be p(2). Suppose 50 = -l*f - 68. Let c = 142 + f. List the prime factors of c.
83
Let w be 10/(3 - -2)*-5. Let q = w - 8. List the prime factors of (-356)/6*q/12.
89
Let a(o) = -4*o**2 - 5*o - 10. Let n be (-15)/(-7) + 8/(-56). Let b(i) = -4*i**2 - 4*i - 10. Let h(c) = n*b(c) - 3*a(c). What are the prime factors of h(6)?
2, 7
Suppose 2*k = 4*h + 6*k, 2*k + 14 = 5*h. Suppose -3*g - 5*q = 3, 3*q = -2*q - 15. Suppose 5*f - 432 = 2*u - 5, -356 = -g*f - h*u. List the prime factors of f.
3, 29
Suppose 0 = -16*h + 12*h - 2*z + 60, -2*z - 31 = -3*h. Suppose h*n - 7208 = -4*n. List the prime factors of n.
2, 53
Let z(t) = -t + 53. Suppose 4*x - 1 + 5 = 0, -97 = -4*v - 3*x. What are the prime factors of z(v)?
2, 7
Suppose 5*n + 39 = 2*w, 40 + 23 = 5*w - n. Suppose x - w = -88. Let r = x - -163. List the prime factors of r.
3, 29
Let y = -399 + 419. What are the prime factors of y/220 - 5576/(-11)?
3, 13
Let y(b) = -2*b + 45. Let d(t) = 2*t - 45. Let j(s) = 4*d(s) + 5*y(s). List the prime factors of j(14).
17
Suppose 3012 = -12*d + 18*d. Suppose 0 = 2*g - d - 424. List the prime factors of g.
463
Let p be (-162)/(-12) + 10/4 + -3. Let f(q) = 7 + 2 - 14*q**2 + q**3 + 14*q + 0. What are the prime factors of f(p)?
2, 11
Let n = 3385 - 4765. Let d = 2180 + n. List the prime factors of d.
2, 5
Suppose 5*n + 6*n - 2156 = 0. List the prime factors of (-14)/(n/63)*-4*10.
2, 3, 5
What are the prime factors of (4085/(-172))/((-3)/1068)?
5, 19, 89
Let z(i) = 17*i**3 - 44*i**2 - 16*i + 20. List the prime factors of z(6).
2, 503
Let j be (5 - 3) + (-2683)/1. List the prime factors of (j/(-42)*-4)/(4/(-6)).
383
Suppose 47511 = -311*c + 5378673. List the prime factors of c.
2, 3, 2857
List the prime factors of 2/8 - 678106/(-1144).
593
Suppose s - 17*g + 22*g = -26, 0 = -2*s - 2*g - 44. What are the prime factors of (-4 + 0)*(s/28 - 0)?
3
What are the prime factors of (-325 + 81)*((-9)/24)/(3/708)?
2, 3, 59, 61
Let r = 55 + -46. Let y(x) = 19 + r + x - 1. What are the prime factors of y(10)?
37
Let r(f) = f**2 + 5*f + 9. Let q be r(-3). Suppose 10*h + 315 = q*h. Let j = h + 126. What are the prime factors of j?
3
Let s be (315/42)/(1/2). Suppose 0 = -0*k - 3*k + s. Suppose 5*f - k*j = 315, 0*j + 2*j = 6. What are the prime factors of f?
2, 3, 11
Suppose -5*l + 238 = -c, 6*l - 9*l + 142 = -c. What are the prime factors of (l/(-40))/(4/(-830))?
3, 83
Let h(g) = -g**2 - 5*g - 9. Let s be h(-5). Let z = s + -10. Let q = z - -27. List the prime factors of q.
2
Let c(u) = 2*u - 10 + 3*u - 19*